4
What is 4 (base 13) in base 16?
4
Convert -1133 (base 5) to base 3.
-20020
Convert -442 (base 5) to base 3.
-11112
-4 (base 5) to base 7
-4
-6 (base 13) to base 15
-6
Convert 15 (base 14) to base 6.
31
What is -260 (base 11) in base 7?
-620
31 (base 7) to base 12
1a
Convert 0 (base 14) to base 12.
0
What is 102 (base 4) in base 9?
20
What is -2010 (base 3) in base 15?
-3c
What is 11 (base 16) in base 10?
17
112 (base 3) to base 16
e
Convert -13 (base 7) to base 6.
-14
Convert 516 (base 9) to base 10.
420
-2 (base 3) to base 12
-2
5 (base 6) to base 3
12
What is 10 (base 4) in base 9?
4
-15 (base 8) to base 16
-d
What is -1b (base 14) in base 11?
-23
What is 27 (base 15) in base 2?
100101
-10 (base 3) to base 4
-3
Convert 3 (base 7) to base 12.
3
Convert -9 (base 15) to base 5.
-14
Convert 15 (base 8) to base 13.
10
21 (base 5) to base 13
b
Convert -4 (base 7) to base 3.
-11
Convert -213 (base 4) to base 10.
-39
What is 1100100 (base 2) in base 7?
202
42 (base 12) to base 11
46
-200 (base 3) to base 5
-33
What is -40 (base 13) in base 16?
-34
Convert 142 (base 12) to base 3.
21012
11101 (base 2) to base 9
32
Convert 9 (base 11) to base 2.
1001
Convert b9 (base 15) to base 16.
ae
What is -b (base 16) in base 3?
-102
What is -145 (base 7) in base 14?
-5c
Convert -1011001 (base 2) to base 12.
-75
What is -1a (base 15) in base 9?
-27
-5 (base 6) to base 7
-5
-41 (base 15) to base 3
-2021
What is -5 (base 11) in base 14?
-5
What is 8 (base 11) in base 12?
8
-3 (base 16) to base 14
-3
-54 (base 16) to base 9
-103
Convert -3 (base 12) to base 3.
-10
What is 16 (base 10) in base 8?
20
Convert 1 (base 15) to base 9.
1
2 (base 11) to base 16
2
Convert 9 (base 15) to base 9.
10
What is 15 (base 16) in base 14?
17
5 (base 8) to base 16
5
Convert -23 (base 13) to base 3.
-1002
What is 2 (base 12) in base 5?
2
Convert 2 (base 3) to base 6.
2
What is 113 (base 4) in base 12?
1b
What is 6b (base 14) in base 7?
164
What is -125 (base 9) in base 5?
-404
-85 (base 12) to base 6
-245
212 (base 4) to base 8
46
Convert 20 (base 3) to base 2.
110
Convert 0 (base 7) to base 2.
0
Convert 42 (base 15) to base 9.
68
What is -16 (base 8) in base 3?
-112
-a (base 13) to base 10
-10
What is 0 (base 2) in base 16?
0
What is 72 (base 16) in base 5?
424
What is 1 (base 8) in base 15?
1
What is 10b (base 12) in base 7?
311
Convert -2 (base 14) to base 13.
-2
-101101 (base 2) to base 11
-41
What is -13 (base 11) in base 7?
-20
0 (base 15) to base 6
0
What is -20212 (base 3) in base 11?
-159
Convert -106 (base 8) to base 5.
-240
What is 43 (base 12) in base 10?
51
22 (base 6) to base 2
1110
What is 30 (base 4) in base 3?
110
-5 (base 13) to base 4
-11
176 (base 8) to base 2
1111110
-3c (base 14) to base 7
-105
Convert 38 (base 12) to base 4.
230
Convert 38 (base 14) to base 16.
32
Convert 23 (base 5) to base 13.
10
37 (base 14) to base 16
31
3331 (base 4) to base 8
375
Convert 1 (base 9) to base 5.
1
What is 11 (base 2) in base 15?
3
Convert 50 (base 7) to base 8.
43
Convert 81 (base 10) to base 5.
311
Convert -4c (base 15) to base 2.
-1001000
Convert 220 (base 3) to base 6.
40
-42 (base 5) to base 11
-20
-16 (base 14) to base 12
-18
Convert 7 (base 8) to base 7.
10
-511 (base 6) to base 12
-137
What is 223 (base 6) in base 14?
63
10000011 (base 2) to base 7
245
What is 12100 (base 3) in base 11?
121
What is -1 (base 11) in base 7?
-1
What is -25 (base 8) in base 11?
-1a
What is -62 (base 10) in base 5?
-222
What is 1200 (base 3) in base 15?
30
3 (base 16) to base 5
3
Convert -5 (base 14) to base 16.
-5
Convert -6 (base 10) to base 15.
-6
What is 10 (base 16) in base 6?
24
Convert 3 (base 4) to base 6.
3
-a (base 12) to base 3
-101
1 (base 11) to base 2
1
Convert 6 (base 16) to base 6.
10
0 (base 7) to base 11
0
4 (base 9) to base 10
4
Convert 1 (base 8) to base 11.
1
-21 (base 4) to base 13
-9
224 (base 5) to base 8
100
What is 20 (base 7) in base 11?
13
1011 (base 2) to base 8
13
Convert -50 (base 13) to base 12.
-55
What is -2 (base 13) in base 4?
-2
143 (base 8) to base 11
90
-3 (base 13) to base 15
-3
What is -23 (base 6) in base 9?
-16
What is -1 (base 8) in base 6?
-1
Convert -111 (base 2) to base 13.
-7
What is 10100001 (base 2) in base 12?
115
-32 (base 7) to base 4
-113
-1 (base 10) to base 3
-1
What is 2 (base 15) in base 16?
2
199 (base 13) to base 16
127
310 (base 4) to base 14
3a
Convert -15 (base 9) to base 10.
-14
Convert 100 (base 6) to base 16.
24
101 (base 3) to base 7
13
21012 (base 3) to base 8
302
What is 1 (base 12) in base 5?
1
What is -6 (base 13) in base 15?
-6
What is -44 (base 5) in base 6?
-40
What is 8 (base 15) in base 13?
8
Convert -2 (base 16) to base 4.
-2
What is 4 (base 6) in base 5?
4
Convert -21 (base 6) to base 9.
-14
Convert -11021 (base 3) to base 13.
-8b
What is -3 (base 6) in base 5?
-3
What is 58 (base 12) in base 14?
4c
What is 0 (base 13) in base 10?
0
3 (base 5) to base 3
10
Convert -2 (base 6) to base 11.
-2
What is 22 (base 5) in base 12?
10
Convert -10110 (base 2) to base 4.
-112
78 (base 9) to base 15
4b
What is -10200 (base 3) in base 14?
-71
Convert -3 (base 14) to base 9.
-3
-10 (base 3) to base 7
-3
What is 110 (base 4) in base 14?
16
Convert 0 (base 15) to base 11.
0
Convert -43 (base 5) to base 9.
-25
What is -4 (base 11) in base 5?
-4
Convert 25 (base 8) to base 9.
23
1 (base 16) to base 6
1
What is 3 (base 4) in base 13?
3
What is 1101 (base 2) in base 8?
15
What is 0 (base 6) in base 7?
0
Convert 4 (base 13) to base 6.
4
What is -19 (base 16) in base 4?
-121
What is 4 (base 12) in base 9?
4
What is 3 (base 5) in base 13?
3
Convert -42 (base 12) to base 5.
-200
Convert 1 (base 10) to base 9.
1
-4 (base 12) to base 16
-4
-1a (base 11) to base 14
-17
-11 (base 3) to base 7
-4
What is 1 (base 3) in base 16?
1
What is -13 (base 8) in base 14?
-b
Convert -5 (base 7) to base 16.
-5
What is 6 (base 11) in base 12?
6
1 (base 7) to base 16
1
Convert 62 (base 15) to base 5.
332
-4 (base 9) to base 11
-4
What is -176 (base 12) in base 7?
-453
What is 30 (base 7) in base 6?
33
Convert ad (base 14) to base 4.
2121
What is 146 (base 8) in base 13?
7b
Convert -66 (base 10) to base 11.
-60
-4 (base 13) to base 7
-4
What is -1 (base 6) in base 15?
-1
What is -292 (base 12) in base 15?
-1b8
Convert 2021 (base 3) to base 8.
75
What is -2 (base 7) in base 16?
-2
Convert -2 (base 15) to base 11.
-2
What is 1111111 (base 2) in base 15?
87
What is -42 (base 9) in base 14?
-2a
-3 (base 10) to base 6
-3
What is -10110001 (base 2) in base 12?
-129
What is 58 (base 11) in base 9?
70
Convert -1010010 (base 2) to base 15.
-57
Convert -4 (base 16) to base 10.
-4
Convert -122 (base 4) to base 6.
-42
Convert -4 (base 9) to base 12.
-4
-111000 (base 2) to base 7
-110
Convert 32 (base 5) to base 16.
11
11101101 (base 2) to base 9
283
What is 5 (base 10) in base 8?
5
What is 5d (base 16) in base 14?
69
-322 (base 8) to base 16
-d2
-60 (base 13) to base 16
-4e
10 (base 4) to base 12
4
1a (base 14) to base 10
24
What is -102 (base 6) in base 12?
-32
Convert -6 (base 8) to base 14.
-6
Convert -12 (base 4) to base 12.
-6
Convert 10 (base 10) to base 6.
14
110 (base 4) to base 14
16
-1120 (base 3) to base 10
-42
3 (base 12) to base 16
3
Convert 11 (base 4) to base 3.
12
Convert -11 (base 4) to base 15.
-5
What is -162 (base 7) in base 8?
-135
125 (base 13) to base 5
1300
What is 11121 (base 3) in base 9?
147
What is 1c (base 14) in base 4?
122
-26 (base 14) to base 3
-1021
What is -3 (base 9) in base 6?
-3
What is 2 (base 13) in base 11?
2
Convert -2212 (base 3) to base 16.
-4d
What is -1 (base 14) in base 6?
-1
Convert -1 (base 6) to base 5.
-1
Convert -2a (base 14) to base 13.
-2c
-1 (base 13) to base 14
-1
What is -5 (base 12) in base 2?
-101
152 (base 6) to base 14
4c
Convert 2 (base 8) to base 12.
2
Convert 4 (base 9) to base 14.
4
Convert 196 (base 13) to base 5.
2132
Convert -7 (base 9) to base 8.
-7
-31 (base 14) to base 16
-2b
Convert 1 (base 8) to base 9.
1
0 (base 5) to base 9
0
-89 (base 12) to base 6
-253
What is -1 (base 12) in base 16?
-1
What is 1 (base 9) in base 12?
1
What is -1 (base 3) in base 8?
-1
-2a (base 14) to base 10
-38
-1 (base 4) to base 6
-1
Convert -2 (base 7) to base 13.
-2
Convert 2 (base 15) to base 4.
2
Convert 3 (base